hat is the value of -3 + (0 - (-2 + 2 + -3))?
0
What is the value of (14 - -2) + (-2 - 6) - 3?
5
3 - (-7 + -1 + 7)
4
What is the value of 11 + (-13 - (-7 - -4))?
1
10 + (0 - 3) + 3
10
(-1 + 0 - (8 - 9)) + 2
2
What is -3 + 10 + -4 + -2?
1
What is the value of -5 + 10 + (-2 - 5)?
-2
What is the value of -4 - (1 + -2) - (-11 - -11)?
-3
41 + -39 + -2 + -1
-1
What is the value of 0 - (1 - 3) - 2?
0
What is the value of (-17 - -3) + (-44 - -59)?
1
What is the value of -12 - (-7 - (1 + -3))?
-7
What is the value of 2 + (0 - -2) - (28 + -21)?
-3
Calculate 15 + -15 + 1 + 4.
5
What is the value of 3 + -6 + (-2 - 0)?
-5
(4 - 3 - 3) + 1 + 5
4
What is the value of -1 + -1 + -4 + 1?
-5
-2 + 2 - (-2 - 0)
2
What is the value of -5 - (-4 - (1 - 0))?
0
What is (4 + 0 - 0) + -4?
0
Evaluate 3 - ((9 - 10) + 1).
3
What is the value of -3 - (2 - (-1 - 1 - -8))?
1
Calculate 4 - -4 - (5 + -1).
4
What is 0 - (-3 + 3) - (1 - 4)?
3
(4 - -3) + (-9 - -3)
1
Evaluate -40 - -33 - (-3 - -3).
-7
Calculate 0 + -1 + 5 - 3.
1
What is the value of 20 + -8 + (1 - 12)?
1
What is the value of 0 + -2 + (-4 - -2)?
-4
Evaluate 5 + -1 + -1 + -3.
0
What is 8 - 1 - (2 + 0)?
5
What is -4 + -2 + (10 - (3 + -1))?
2
What is 1 + -3 - (1 - 4) - 4?
-3
Evaluate 0 + -7 - (-137 - -127).
3
Evaluate 4 + 0 - 6 - 2.
-4
What is (-4 - -3) + 7 + -2?
4
Calculate (-3 - (-10 + 4) - 2) + 2.
3
1 + -4 + (2 - 3) + 0
-4
3 + -5 - (2 - 5) - 5
-4
-5 - (1 + 1 - (-6 - -7))
-6
Calculate 7 - (1 - (-7 - -8)).
7
What is 3 - ((2 - 0) + -4 - -1)?
4
-3 + (7 - 4) + -1
-1
What is (5 - (-1 + 2)) + -6?
-2
Evaluate (1 - (1 - 6)) + -3.
3
Evaluate 1 - (7 + -5) - (1 - 5).
3
-3 + 10 + (3 + -5 - 3)
2
What is the value of 10 - 1 - (10 - (11 - 7))?
3
-5 - (3 + (4 - 7 - 0))
-5
Evaluate 1 + -5 + 6 + (3 - 1).
4
Calculate -22 - -21 - (-2 - -2 - 2).
1
What is the value of -2 - (-1 + 1) - (-7 + 4)?
1
Calculate -16 - -16 - (-4 + -1).
5
-16 + 11 + (-1 - -2)
-4
((-3 - -8) + -12 - -5) + 2
0
What is the value of -6 + (20 - 7 - 5)?
2
What is the value of -5 + 10 + (-5 - 2)?
-2
Evaluate 5 + (7 - (5 + 2) - 1).
4
Evaluate -7 - -1 - (-62 - -63).
-7
What is the value of -4 + 5 + 6 - (2 + 1)?
4
-13 + -1 - (-91 - -85)
-8
What is the value of -1 - (6 + (-2 - (2 - 0)))?
-3
-14 + 11 + 11 - 7
1
Evaluate 3 - (7 + -2 + -2).
0
Evaluate -2 + 10 + 2 - 13.
-3
Evaluate -5 - -4 - (6 - (20 - 7)).
6
What is 6 + -4 + 1 + -16 + 7?
-6
Calculate 5 - (13 + -13 + -5).
10
Evaluate -92 + 93 - (-2 - (-4 + 0)).
-1
What is the value of -2 + (-4 - -8) + (7 - 7)?
2
What is -8 - (-9 - -11) - -9?
-1
Evaluate 3 - (4 - (3 + -3)).
-1
16 - 14 - (6 - (0 + 1))
-3
Calculate -1 + (-1 - ((-1 - 4) + -2)).
5
-1 + (-6 + 1 - -5)
-1
Evaluate 8 + -19 + 1 + -3 + 6.
-7
12 + (-5 - 5) + 2
4
-2 + 10 - (-3 - (-11 + 3))
3
Evaluate 5 + (2 - -4) + -9.
2
What is the value of 2 + (-3 - -9) - 7?
1
-4 + 0 - (-5 + 1 + -5)
5
What is 2 + -3 + -1 - -4 - 5?
-3
What is (-8 - 2) + (1 - 16) + 15?
-10
Calculate 7 + -1 + 2 + -12.
-4
What is the value of (4 - 3) + -2 - -5?
4
Calculate 1 - 0 - -1 - (1 - -6).
-5
What is 4 + -7 + 2 - 2?
-3
What is the value of 8 + -1 - (4 + -12 + 12)?
3
-3 + -3 + 2 + 2
-2
Calculate (-2 - -3) + 6 + (-2 - 1).
4
2 + (-8 - (5 - 9))
-2
1 + -8 + 4 + 5 + 1
3
What is the value of 2 + 0 + 7 + -4 + -1?
4
What is (12 - 9) + (0 - 6)?
-3
Evaluate 6 + 3 + 8 + -16.
1
What is -6 - -5 - (5 - 3)?
-3
Calculate -2 + -3 + 2 + (-8 - -11).
0
Calculate 3 + -1 - (-6 + 4).
4
What is -6 + 0 + (-10 - -21)?
5
Calculate 30 - 17 - 9 - (-2 + 0).
6
What is the value of 12 - (-12 - -12) - 15?
-3
Calculate 2 + 0 + 2 - 1.
3
Evaluate 3 - (1 - 1 - -2).
1
What is 2 - (-1 + 5) - 2?
-4
What is -3 - (7 + -3) - (-7 + 4)?
-4
Calculate -10 + 6 + 1 + -2 + 10.
5
What is 2 + -5 - (-34 + 39)?
-8
What is the value of -6 + (-6 - -6 - -6)?
0
Calculate -13 + (3 - -14) - (1 - -1).
2
-2 - (18 - (-12 - -25))
-7
Evaluate -11 + 6 - (2 + (-3 - -1)).
-5
What is the value of -2 - (3 + (-6 - (-3 + 4)))?
2
3 + 3 + 3 + -3
6
What is the value of 2 + (4 - (1 + 3 + 7))?
-5
What is the value of -2 + 9 + -4 - 6?
-3
Evaluate (-1 - -2) + -8 + 11 - 7.
-3
15 - 19 - (2 + -2 + 0)
-4
Evaluate (-8 - -16 - 6) + 4 + -1.
5
What is the value of (6 - 0) + (2 - -6) + -16?
-2
(-16 - -26) + (-5 - 2)
3
Evaluate 2 - ((-4 - -9) + -5 - -4).
-2
What is the value of 5 + -8 + -3 - (2 - 2)?
-6
What is -1 - -5 - (8 + -12 + 11)?
-3
Calculate (5 + -3 - 2) + 0.
0
Evaluate 2 - (1 - (-4 + 1 - -4)).
2
What is the value of 1 + -11 + 14 + -4?
0
(0 + -2 - (1 + -6)) + -3
0
What is 3 + -3 + (-3 - -11)?
8
Calculate 6 + 3 + 0 + -17 + 7.
-1
What is 3 - 3 - (2 + -2)?
0
What is 6 - 1 - (305 - 310)?
10
Calculate 15 + 7 + -10 - (2 - -2).
8
What is the value of 2 - 3 - -4 - (-1 - 1)?
5
Calculate -1 + 4 - (-4 + (10 - 1)).
-2
Evaluate 1 + -2 - (-5 - (3 - 7)).
0
What is the value of -6 + (20 - -2) - 9?
7
Evaluate 4 + (1 - -1) + -9 + 5.
2
What is 5 + -1 + 3 + -2 + -1?
4
Calculate -2 + -6 + -4 + 7.
-5
What is 0 + -2 + (-7 - -8 - 4)?
-5
What is 16 + -9 + (-2 - 1)?
4
(-4 - -2) + -2 + (-14 - -17)
-1
Evaluate 5 - (1 + -6 - -3) - 4.
3
Calculate 171 + -170 - (1 - 7).
7
Calculate (-7 - -7) + 2 + -4 - -2.
0
What is the value of (6 + -2 - 8) + 6 + -11?
-9
(-6 - 0) + 16 + -5
5
What is -6 + (1 - 3) + 5?
-3
What is (4 - 1) + 14 + -13?
4
-7 - -3 - (-6 - -1)
1
Evaluate -1 - 8 - (-37 + 32).
-4
Calculate (0 - -1) + (8 - 4).
5
What is -4 - (-11 - -8 - 2)?
1
What is (7 - 3) + -9 + (-3 - -6)?
-2
(0 - (-1 + 4) - 2) + 4
-1
Calculate 1 + -22 + 25 + 1 + 0.
5
Evaluate 5 + (3 - 0) + -4.
4
Evaluate (-6 - (-4 + (0 - 6))) + 1.
5
What is -8 - (-14 + 9 - 2)?
-1
Calculate -5 + 20 + -6 + -4.
5
What is the value of 3 + 0 + 5 + -5?
3
Calculate (-133 - -128) + (7 - 1).
1
-60 - -62 - (1 - -2)
-1
Calculate (-1 - (3 - 6)) + 2 + 0.
4
Evaluate -6 + (-7 - (-23 + 3)).
7
Evaluate -3 + (-2 - -12) + -4.
3
Calculate (1 - 3) + (-1 - (-5 + 5)).
-3
Evaluate (1 + 0 + -4 - -6) + 0.
3
What is the value of 2 + 0 + 2 - (3 - 0)?
1
Evaluate -2 + -1 - (-4 + 0 - 3).
4
Evaluate -5 + (15 - (1 - -4)).
5
-4 + 1 + 3 + 5 + -1
4
Evaluate 4 - (7 + (-6 + 2 - -2)).
-1
Calculate (-9 - -5) + (-1 - -6).
1
What is (-3 - 2 - (-1 + 0)) + -1?
-5
What is the value of 2 - ((-3 - -14) + -4) - -11?
6
Evaluate (-8 - -7) + -5 + -12 + 7.
-11
What is the value of (10 - 7) + -11 - (3 - 10)?
-1
4 + 1 + (2 - (2 + 3))
2
Evaluate (-17 - -1) + 5 + 4.
-7
What is the value of -2 + (-6 - -24 - 9)?
7
Evaluate (-2 - (1 - 9)) + (-1 - 3).
2
Evaluate 4 + (-6 - -3) + (7 - 11).
-3
Evaluate (-2 + 2 - 1) + (22 - 17).
4
Calculate (-3 - -13 - 3) + -1 + -4.
2
Calculate (-19 - -16) + -2 + 4 + 0.
-1
What is 0 + 0 - (-4 - 0) - 9?
-5
What is the value of (-4 - -8) + -5 - (-2 + 1)?
0
What is 18 + -21 + (4 - -1) + 0?
2
Calculate (-17 - -17) + (-1 - -7).
6
Calculate 1 - (-2 + 9) - (-14 + 14).
-6
What is the value of 3 - (3 + 3 + -10 - -7)?
0
What is 15 - ((11 - -12) + -12)?
4
Evaluate 8 - (17 - (7 + 2)).
0
What is the value of (2 + -1 - 4) + 7 + 0?
4
Evaluate 1 - (3 + 9 + -3 - 4).
-4
-4 - (2 + -5) - -5
4
What is the value of (0 + 3 - (10 + 0)) + 3?
-4
Evaluate 3 + (0 - 3) + (-1 - -6).
5
Calculate -8 + 0 - (-30 - -23).
-1
What is the value of (1 - (8 - 11)) + 1 + -9?
-4
What is the value of -4 + (5 - (6 - -1) - -2)?
-4
Evaluate -21 + 14 + -9 - -5.
-11
Calculate (3 - (-1 - -2 - -4)) + 5.
3
What is -8 + 0 + 3 + 4?
-1
Evaluate 0 + (-2 - (-2 - -5)).
-5
What is 5 - 3 - 4 - (-7 + 2)?
3
What is the value of 9 - (1 + 0 + 5)?
3
What is the value of 2 + -11 + 18 + -5?
4
-1 + 3 + 1 + -3 + -3
-3
2 + 0 + -1 - (1 - 3)
3
4 + -13 + (-5 - -9) + -5
-10
What is 7 - (-6 - (-11 + 3))?
5
Evaluate -118 - -106 - (-12 - -1).
-1
What is 24 - 28 - (1 + -10)?
5
Calculate (-47 - -36) + (4 - -1).
-6
Calculate (-10 - -5) + (0 - -1).
-4
What is the value of 1 - (-2 + 4) - (-8 + 7)?
0
17 + -10 + -1 + -3
3
Evaluate 0 - (1 - 6 - -3) - 0.
2
Evaluate -7 + 4 + (5 - 10).
-8
What is the value of 5 + (2 + -5 - 0)?
2
Calculate 0 + -3 + (-7 - (-3 + -8)).
1
Evaluate -13 - (0 + -14 + 6).
-5
What is 1 - 4 - (-20 - -5 - -9)?
3
Evaluate 6 - (-5 + -4 + 14 - -6).
-5
What is the value of -4 - (-8 + 6 - 2)?
0
What is -5 - (7 - (4 + 10))?
2
Calculate 4 + -3 + 4 + -4.
1
Evaluate 1 + -8 + 3 + 1.
-3
What is 4 + (3 - 4) + -2 + 0?
1
What is (-1 - -3) + (-5 - -8)?
5
Calculate -4 + (3 - 2 - (-8 - -7)).
-2
(8 - 0 - (4 + -2)) + -3
3
What is -3 - (-6 + (2 - 3) + 6)?
-2
What i